{"id":188,"date":"2024-07-16T12:03:03","date_gmt":"2024-07-16T12:03:03","guid":{"rendered":"http:\/\/www.nestelintulahti.fi\/?page_id=188"},"modified":"2025-07-19T05:50:31","modified_gmt":"2025-07-19T05:50:31","slug":"rolls","status":"publish","type":"page","link":"https:\/\/www.nestelintulahti.fi\/?page_id=188","title":{"rendered":"Rolls"},"content":{"rendered":"\n<figure class=\"wp-block-image size-full\"><img fetchpriority=\"high\" decoding=\"async\" width=\"768\" height=\"320\" src=\"http:\/\/www.nestelintulahti.fi\/wp-content\/uploads\/2024\/09\/rolls-768x320-1.jpg\" alt=\"\" class=\"wp-image-665\" srcset=\"https:\/\/www.nestelintulahti.fi\/wp-content\/uploads\/2024\/09\/rolls-768x320-1.jpg 768w, https:\/\/www.nestelintulahti.fi\/wp-content\/uploads\/2024\/09\/rolls-768x320-1-300x125.jpg 300w\" sizes=\"(max-width: 768px) 100vw, 768px\" \/><\/figure>\n\n\n\n<p>Rolls tarjoaa laadukasta ruokaa, joka on tehty huolella valituista raaka-aineista. Rolls suosii kotimaisia raaka-aineita, mist\u00e4 tunnustuksena hampurilaisille on my\u00f6nnetty Avainlippu.<\/p>\n\n\n\n<p>Valikoiman klassikot Mama, Papa ja Baby ovat maistuneet jo vuosikymmenien ajan, ja hampurilaisperheest\u00e4 onkin muodostunut rakastettu k\u00e4site asiakkaiden keskuudessa. Hampurilaisten lis\u00e4ksi yritys on kuuluisa rapeista ranskalaisistaan. Tarjonnassa on otettu huomioon my\u00f6s erityisruokavaliot, sek\u00e4 viime vuosina valikoimaan on kehitetty lis\u00e4\u00e4 vegaanisia vaihtoehtoja.<\/p>\n\n\n\n<p>N\u00e4et tarjontamme suoraan <a href=\"https:\/\/rolls.fi\/\" data-type=\"link\" data-id=\"https:\/\/rolls.fi\/wp-content\/uploads\/2023\/02\/Rolls-hinnasto-A4-8.2.2023.pdf\" target=\"_blank\" rel=\"noreferrer noopener\">Rollssin kotisivuilta<\/a>.<\/p>\n\n\n\n\n\n<p><\/p>\n","protected":false},"excerpt":{"rendered":"<p>Rolls tarjoaa laadukasta ruokaa, joka on tehty huolella valituista raaka-aineista. Rolls suosii kotimaisia raaka-aineita, mist\u00e4 tunnustuksena hampurilaisille on my\u00f6nnetty Avainlippu. Valikoiman klassikot Mama, Papa ja Baby ovat maistuneet jo vuosikymmenien ajan, ja hampurilaisperheest\u00e4 onkin muodostunut rakastettu k\u00e4site asiakkaiden keskuudessa. Hampurilaisten lis\u00e4ksi yritys on kuuluisa rapeista ranskalaisistaan. Tarjonnassa on otettu huomioon my\u00f6s erityisruokavaliot, sek\u00e4 viime vuosina [&hellip;]<\/p>\n","protected":false},"author":1,"featured_media":0,"parent":0,"menu_order":0,"comment_status":"closed","ping_status":"closed","template":"","meta":{"footnotes":""},"class_list":["post-188","page","type-page","status-publish","hentry"],"_links":{"self":[{"href":"https:\/\/www.nestelintulahti.fi\/index.php?rest_route=\/wp\/v2\/pages\/188","targetHints":{"allow":["GET"]}}],"collection":[{"href":"https:\/\/www.nestelintulahti.fi\/index.php?rest_route=\/wp\/v2\/pages"}],"about":[{"href":"https:\/\/www.nestelintulahti.fi\/index.php?rest_route=\/wp\/v2\/types\/page"}],"author":[{"embeddable":true,"href":"https:\/\/www.nestelintulahti.fi\/index.php?rest_route=\/wp\/v2\/users\/1"}],"replies":[{"embeddable":true,"href":"https:\/\/www.nestelintulahti.fi\/index.php?rest_route=%2Fwp%2Fv2%2Fcomments&post=188"}],"version-history":[{"count":7,"href":"https:\/\/www.nestelintulahti.fi\/index.php?rest_route=\/wp\/v2\/pages\/188\/revisions"}],"predecessor-version":[{"id":1030,"href":"https:\/\/www.nestelintulahti.fi\/index.php?rest_route=\/wp\/v2\/pages\/188\/revisions\/1030"}],"wp:attachment":[{"href":"https:\/\/www.nestelintulahti.fi\/index.php?rest_route=%2Fwp%2Fv2%2Fmedia&parent=188"}],"curies":[{"name":"wp","href":"https:\/\/api.w.org\/{rel}","templated":true}]}}